rmine g(y).
-45
Let c be (17 - 25 - (-138)/15)/(1/(-5)). Let m(u) = u**3 + 5*u**2 + 7*u + 2. Calculate m(c).
-76
Let l(x) = -3*x**2 - 2*x - 8. Let w(n) = n**3 - 9*n**2 + 67*n - 300. Let h be w(6). Give l(h).
-104
Suppose 95*c - 92*c = 0. Suppose 3*b + s - 5*s + 23 = c, s - 17 = 3*b. Let a(u) = 3*u - 7. Give a(b).
-22
Let n(m) = 150*m + 12302. Let f be n(-82). Let x(z) = 0*z**2 - 4*z + 2 + 2*z**2 + z**2 + 0*z**2. Determine x(f).
6
Let y = 1362 - 1945. Let i = y - -573. Let w(d) = -d**2 - 9*d + 6. Determine w(i).
-4
Let c(n) be the first derivative of -4*n - 50 - 1/2*n**2. Give c(5).
-9
Let g be -6 + -22 + 16 + 8. Let d(k) = 2*k**3 + 5*k**2 - 5*k - 4. Give d(g).
-32
Let u(p) be the second derivative of p**5/20 + p**4 + 17*p**3/6 + 15*p**2/2 - 828*p. What is u(-11)?
-51
Let a(r) = 5*r - 32. Let m be 18/33 + 1786/517. What is a(m)?
-12
Let z be 0/3 - 5 - -7. Let g(c) = c - 4. Let d be g(11). Let h(t) = z*t + d*t + 5 - 4. Give h(-1).
-8
Let v(d) be the third derivative of -d**5/30 - 65*d**4/24 + 7*d**3/3 + 737*d**2 + 2*d. Determine v(-33).
-19
Let h(b) = 400 - 10*b + 418 - 1454 + 444. Give h(-21).
18
Let j(y) be the third derivative of 7*y**4/8 - y**3/2 - 1915*y**2. Give j(0).
-3
Let d(s) = -s**2 - 12*s - 15. Let i(n) = -n**3 - 90*n**2 + 185*n + 86. Let o be i(-92). Determine d(o).
21
Let u = -1943 - -1949. Let l(w) = w**2 - 3*w - 1. Determine l(u).
17
Let b = 22360 - 22357. Let x(q) be the second derivative of 29*q + 0 - 1/6*q**b - 3*q**2. Give x(6).
-12
Let n be (0 + (-14)/(-6))*-6. Let k be 8/28 - (-158)/n. Let z = 11 + k. Let f(y) = y + 8. Calculate f(z).
8
Let q = -13246 + 13242. Let v(b) = 2*b**3 + 9*b**2 + 8*b + 3. Calculate v(q).
-13
Let a(o) = -15*o**3 - 2*o + 5 - 1 - 6*o**2 + 14*o**3. Let p be (-5 - 0) + (-15 - 0). Let j be (-18)/(-30) + 132/p. Give a(j).
16
Let p(n) = n**3 - 7*n**2 - 2*n + 6. Let d be p(7). Let j(z) be the second derivative of z**4/12 + 4*z**3/3 + z**2 + 5*z + 127. Determine j(d).
2
Let w(v) = v**3 - 5*v**2 + 1. Let b = -34 + 23. Let l be -2 + -2 + (-44)/b. Suppose 4*d + 0*d = 2*g + 14, -4*g + 12 = l. Give w(d).
1
Let v(j) = -86 + 129*j**3 + 13*j + 88*j**3 + 37*j**2 - 300*j**3 + 85*j**3. Calculate v(-18).
4
Let w = 376 - 370. Let f(q) = q**2 - 4*q + 7. Calculate f(w).
19
Let f(j) = -16*j - 4 - j**3 + 6*j - 109037*j**2 - 8*j + 109029*j**2 + 13. Determine f(-4).
17
Suppose 13 = -3*v + 5*d, -679*d + 684*d = -v + 49. Let l(o) = -1. Let n(b) = b - 8. Let p(y) = 2*l(y) + n(y). What is p(v)?
-1
Let s(d) = 4*d + 140 - 371 + 132 + 203. Calculate s(-24).
8
Let o(x) = x**3 + 6*x**2 + 3*x - 1. Suppose -2*s + k + 53 = -s, 4*k = 3*s - 156. Let r = s - 54. Suppose 12 = -3*z + 3*h, -r*z - 9 = -0*h - h. Give o(z).
9
Suppose 4*t = -4*g - 12, t - 2*g - 7 + 1 = 0. Let i be 6/3 + 2 + t. Let h(k) = -2*k - 2*k - 2878*k**2 + 2879*k**2. What is h(i)?
0
Let z(t) = 2*t - 39. Suppose 27*u - 11714 = 7*u - 11634. Determine z(u).
-31
Let g(h) = h**2 + 39*h - 319. Let b be (-280)/6 + (4 + -2 - 64/48). What is g(b)?
3
Let m(p) be the second derivative of -1/6*p**4 + 0 + 2*p**2 + 7*p - p**3. Let t(l) = -2*l + 13. Let z be t(9). What is m(z)?
-16
Let m be (-11)/(-22)*16 - 5 - 5. Let s(a) be the third derivative of a**5/30 + a**4/12 + a**3/6 + 2*a**2. Give s(m).
5
Let b = -307 + 309. Let w(x) = -114*x**b + 56*x**2 - 8 + x**3 - 4*x + 65*x**2. Determine w(-7).
20
Let g(h) = h**3 - 5*h**2 - 16*h + 62. Suppose -303*p - 2*q = -300*p - 14, 0 = 5*p + 3*q - 24. What is g(p)?
2
Let v(w) = -25*w**3 + 3*w**2 - 2. Let s be ((-6)/4*(-18)/27)/1. Give v(s).
-24
Let j(i) = -i**2 + 7*i - 1. Let s = -144 - -146. Suppose -s*v + 147 = 19*v. Determine j(v).
-1
Let n(a) = a**2 + 6*a - 6. Let y(b) = 4*b - 5. Let t be y(2). Let r(c) = 4*c + 2*c**3 - 2*c**3 + 6 + c**3 + t*c**2. Let u be r(-3). Calculate n(u).
-6
Let k(o) be the first derivative of -o**3/3 + o**2 + 13*o - 1294. Determine k(6).
-11
Let h be 7 + (-8 - 1/((-8)/32)). Let x(r) be the first derivative of -2*r**3/3 + r**2 + 2*r - 10. What is x(h)?
-10
Let i(h) = h**2 - 8*h - 15. Let f(r) = r**2 + 35*r - 56. Let z be f(-27). Let v = 281 + z. Calculate i(v).
-6
Let o(p) be the first derivative of -11*p**4/4 - 2*p**3/3 + p - 3883. Determine o(1).
-12
Let d = 289 - 284. Suppose 3*o - 7*o = -4*u - 4, d*o = 25. Let l(k) = k**3 - 6*k**2 + 5. Determine l(u).
-27
Suppose v = 1, -9 = -w + v - 4*v. Let l(p) = 7*p**2 - 9*p + 5. Let c(o) = -o**2. Let r(i) = w*c(i) + l(i). Calculate r(6).
-13
Let f(s) = s**3 - 5*s**2 + 4*s - 2. Let q be (-56)/(-7) - (2 - -1). Suppose 2*z + 0*z - 13 = -v, -4*v - q*z = -37. Determine f(v).
-8
Let g(r) = -4*r**2 - 73*r + 35*r + 6*r**2 + 31*r. Let w(j) be the first derivative of j**2 - 13*j - 5. Let d be w(9). What is g(d)?
15
Let i(p) = p**3 - 8*p**2 + 7*p + 8. Let t be 7*8/((-40)/(-5)). Give i(t).
8
Let z(l) be the first derivative of -1/6*l**3 + 1 + 3*l + 3*l**2. Let k(u) be the first derivative of z(u). Give k(-8).
14
Suppose 3*v = -5*g + 10, -g + 2 = -9*v + 4*v. Suppose -g + 2 = -54*f. Let o(t) = t**2 - t + 47. Give o(f).
47
Let p(c) be the first derivative of c**2/2 + 48. Suppose -35 = -3*a + 8*a. Let n(j) = -j**3 - 7*j**2 + j + 1. Let d be n(a). Give p(d).
-6
Let a(h) = h**2 - 6*h - 2. Let k(j) = -11*j - 74. Let t(c) = 2*c + 35. Let x(b) = -b. Let r(p) = t(p) + 4*x(p). Let f be r(21). Let v be k(f). Give a(v).
-11
Suppose -5*v - 2 = -4*v. Let j be (v + 3)/((-3)/9). Let h(l) = -2*l**2 + 207712321*l + 5 - 207712323*l - 2. Calculate h(j).
-9
Let q(o) be the second derivative of -2*o**3/3 + 165*o**2/2 + 776*o. Determine q(42).
-3
Let v(t) = -t**2 - 12*t + 23. Let u be v(-14). Let l(j) = -j**2 + 2*j - 5 + 0*j**2 - 11*j + 0*j**2. What is l(u)?
15
Let u be 3 + 38/(-4) + (-4)/(-8). Let f be (-4)/3 - -2 - 8/u. Let q(t) = -5*t - 2 - 49*t**f + 106*t**2 - 55*t**2. Give q(4).
10
Let p = -129 - -131. Let d(f) = 6 + f + 2 + p - 8. Give d(-2).
0
Let y(x) = 3*x + 2879 + 2*x + 3*x**2 - 2885. Calculate y(-3).
6
Let r(l) be the second derivative of l**6/360 - 11*l**5/120 + l**4/6 + l**3/6 + 13*l**2/2 - 125*l. Let h(c) be the second derivative of r(c). Give h(9).
-14
Let j(u) = -5*u**2 + u - u**2 + 91 - u**2 - 95 + 3*u**2. What is j(0)?
-4
Let x(w) = 9*w - 46. Let l(o) = 19*o - 93. Let b(d) = -6*l(d) + 13*x(d). Let h be b(15). Let t(j) = -h + 11 + j**2 + 5*j + 3*j. Determine t(-8).
6
Let b(i) = -2*i**2 + 13*i - 4. Suppose 0 = 123*c - 132*c + 8334. Let p = c + -919. Give b(p).
-11
Suppose 11 = 4*r - 9. Suppose -r*v + 11 = d, 5*d - 2 - 11 = -4*v. Let p(h) = 46*h - 46*h + 12*h**v. Give p(-1).
12
Let l(d) = -d**3 + 7*d**2 - 7*d - 7. Let k(v) = -23*v - 49. Let z be k(-2). Let m be (6/4)/((-16)/(-32)) - z. Determine l(m).
-13
Let w(t) = t**2 + 9*t + 9. Let c be (1 - -45)*(-3)/(-6). Suppose -2*m + d + c = -6*m, 2 = -m - d. Give w(m).
-5
Let w(l) = 4*l - 60914 + 60901 + l - 3*l. Let h = -3 - -13. Determine w(h).
7
Suppose 0 = -8*q + 12*q - 64. Suppose -8 - q = -6*l. Let w = l + 2. Let b(t) = -t**2 + 7*t + 5. Determine b(w).
11
Let j(d) = -37*d + 8 + 4*d**2 - 31*d - 5*d**2 + 90*d + 0*d**2. Give j(0).
8
Let i(r) be the third derivative of -r**8/20160 + 13*r**7/5040 - r**5/20 - 13*r**4/24 - 87*r**2. Let a(v) be the third derivative of i(v). Give a(14).
-14
Let n(i) = -i**3 + 9*i**2 - 7*i + 2. Let f(c) = -68*c + 2184. Let t be f(32). Calculate n(t).
10
Let z(n) = 59*n + 37. Let m be z(-12). Let y = m - -677. Let l(k) = k**2 - 9*k + 1. Calculate l(y).
-17
Let g(y) = 32*y - 321. Suppose -5*n + 4*d + 82 = 0, 7*n - 11*n + d + 48 = 0. Calculate g(n).
-1
Let f be 9/(-6)*1*22. Let k(z) = -z - 48. What is k(f)?
-15
Let u(q) = q**2 - 2*q. Let h = -364 + 362. Let x = h - -5. Calculate u(x).
3
Let a(i) = -i**2 - 6*i + 7. Suppose 5*o = 2*s + 25, -2*s + 8*o - 14 - 20 = 0. Determine a(s).
12
Let g(i) = 194 - 30 - 191 - 5*i. Determine g(-8).
13
Let y be (-320)/(-24)*30/4. Let r be (8/10)/(40/y). Let k(g) = -5*g**2 - g**3 - 52*g + g**r - g**2 + 7 + 51*g. Calculate k(-5).
12
Suppose -198 = -7*r + 299. Let p(g) = r*g - 5 - g**3 + 6*g**2 - 71*g. Give p(4).
27
Let b(n) = 19*n - 34. Let f(r) = -15*r + 4. Let q(o) = -b(o) - f(o). Give q(16).
-34
Let t(r) be the first derivative of 4/3*r**3 + 5/2*r**2 + r + 1/4*r**4 + 84. What is t(-4)?
-19
Let f be (11/((-330)/100))/((-4)/(-6)). Let q(j) = j**2 + 9*j + 31. Determine q(f).
11
Let p(v) = v**3 + 6*v**